 -9 - -9) + 12.
27
4 + (-3 - (-1 - (6 - -2 - -3)))
13
What is the value of (7 + (2 - -7) + -8 - 2) + -6?
0
What is (14 + -6 - 2) + -1 + -9?
-4
Calculate -80 - (-50 - 28) - (0 + -2).
0
-13 + (7 - -2 - -9)
5
What is the value of 19 + (-4 - (49 + -17)) + -18?
-35
(-82 - -75 - (-16 + 1)) + -14
-6
-7 + (-10 - (-2 + -4) - 5 - -4)
-12
Evaluate -74 + 18 + 12 - -19.
-25
What is the value of -4 - (4 + (5 - 8) + 2 - 5)?
-2
Evaluate -11 + 21 + -1 + -15.
-6
What is the value of 20 - (-19 - -4 - (-24 - 1))?
10
What is the value of 3 + -3 + 5 + -2 + (-175 - -191)?
19
(9 - 12) + 5 - 9 - (3 + -17)
7
What is the value of -8 - (7 - 12) - 5?
-8
What is 0 - ((16 - 14) + -7)?
5
What is 4 + (3 - (9 + -1 + 3 + 4))?
-8
-1 + 23 + (2380 - 2387)
15
(1 - 21) + ((4 - -12) + -12 - 0)
-16
-11 + (-18 - -30) - -8
9
What is -156 + 145 + (3 - (3 - (0 - -3)))?
-8
(1 - (47 - 24)) + 32
10
Calculate 7 - (5 - 3) - (41 - 14 - 16).
-6
-4 + 6 - (-9 + 0 + -2 + 4)
9
Calculate -16 - (-13 + 32 + -19).
-16
Calculate 0 + 6 + -15 + 0.
-9
What is the value of 6 - 1 - ((3 - -14) + -14) - 5?
-3
Evaluate -18 - ((14 - 5) + (-6 - 7)).
-14
Calculate -17 + 16 + 10 + -12.
-3
What is the value of -7 + (-1 + 2 - 2)?
-8
Evaluate (-36 - 1) + (61 - 57) + (-7 - -5).
-35
Evaluate (3 - -1) + (8 - 24) + (-2 - 0).
-14
What is the value of 7 + (7 - 16) + 7 + 10?
15
What is the value of -4 - (5 - 12 - 19)?
22
What is 57 + (-42 - 17) + -21 + -1 + 2?
-22
What is (-21 - -15) + (-1 - -11) + 1 + 4?
9
Evaluate 8 + (0 - (-9 + 31)).
-14
Calculate (1 + -8 - -1 - 2) + 1.
-7
Evaluate (-2 - 27) + 11 + 7.
-11
What is the value of (0 - -32) + 73 + -87?
18
Evaluate -23 - -14 - (1 - (-1 + 6)).
-5
3 + -4 - (6 - 19 - (-1 - 14))
-3
-3 + 4 + -2 - (2 - (8 - 2))
3
5 - 1 - (583 - 569)
-10
-8 - (-6 - (9 + 9 + -43)) - -3
-24
Evaluate -5 + 11 + 7 + -13 + -1 + -8.
-9
What is 13 - (2 + 2 + 9)?
0
What is the value of -6 + ((13 - 7) + 4 - 7) + 6?
3
What is the value of 22 + -6 + -11 + -5 - -10 - 48?
-38
Evaluate 16 - (11 + (11 - 2)) - -5.
1
34 - (4 - 6) - 9 - 8
19
What is the value of (11 - 4) + 0 + (-46 - -20)?
-19
What is the value of -6 + (-8 - ((-1 - 29) + 9))?
7
Evaluate -26 - ((-7 - -1) + -33).
13
What is the value of 1 + 14 - (5 - (-5 - -6))?
11
Evaluate -13 + (-2 + 5 - (7 - 2)).
-15
What is 92 - 110 - (3 - 25)?
4
Evaluate (0 - -7) + 3 + 65 + -71.
4
Evaluate -8 + 11 + -15 + -3 + -2.
-17
Calculate 1 + 1 + (6 + -1 - 11).
-4
What is the value of (8 - -1 - (-3 - -24)) + (-4 - 1)?
-17
Calculate 9 + (10 - (17 - -43)).
-41
What is the value of 6 - 2 - (-52 + 43)?
13
What is the value of -6 - 1 - (38 + -19 - (13 + 17))?
4
Calculate -8 + 13 + -29 - -19.
-5
Calculate -9 + (3 - (11 + -13 - (0 + 0))).
-4
What is the value of 8 - (8 - (0 + -4) - 6)?
2
Evaluate -362 - -364 - (0 - -2).
0
Evaluate 10 + 1 + (-79 - -24 - -50).
6
Evaluate (-6 + 12 - 4) + -31.
-29
Evaluate -2 + -2 + (4 + -2 + -11 - -7).
-6
Calculate -33 + (21 - (15 - 5)).
-22
Calculate (13 - -19) + -10 + -20.
2
What is the value of 6 + (1 - -4) + 47 + -46 + -8?
4
Calculate 0 + (6 - -2 - (9 + 0 + -7)).
6
What is 7 + (-1 + 0 - (7 + 27 + -27))?
-1
Evaluate -9 + (-7 - -2) + 16.
2
Evaluate (-10 - -18) + 5 - (-2 + 9 + -1).
7
Calculate -8 - (-9 + 1 - (-2 - 9)).
-11
What is the value of -6 + 7 + 17 - 7?
11
(11 + (-1 - (11 + -6)) - 16) + 6
-5
Evaluate 0 - (5 + -2 - -9).
-12
Calculate -10 + (0 - -10) + -25 + 25.
0
Calculate (-10 - -7) + (-2 - -5).
0
What is the value of (8 - (2 - 3)) + (3 + -1 - 4)?
7
What is the value of -6 + -4 + -1 + -2 + (2 - -3)?
-8
Evaluate (-2 - -1) + -11 + (17 - 12).
-7
What is 1 + (-4 - -3) - (-1 + 11)?
-10
(-5 - (2 + 7)) + -10 + 17
-7
What is (-128 - -122 - (-16 + 0)) + -27?
-17
(7 - (-12 - (14 + -54))) + 7
-14
What is 4 + -36 + (-5 - (-5 - 4))?
-28
Evaluate 14 + (-2 - 0) + (43 - 45).
10
What is the value of -6 - (-1 + 6 + -6 + -10 + 5)?
0
What is 2 + (-2 + -5 - (50 - 48))?
-7
Evaluate (3 - -11) + -8 - 3.
3
What is 6 + -18 + 5 + 0 + 5 - -2?
0
What is 0 + 16 + (-58 - -57) + -7?
8
Evaluate 35 - (32 + -17) - (47 - 4).
-23
What is the value of 0 - (1 + -6) - (3 - (-4 + 12))?
10
(-4 - ((0 - -7) + 2)) + -1
-14
What is -59 - -67 - (1 + -1 + -5)?
13
What is the value of (3 - 2) + 8 + (2 - 8) + -17?
-14
Calculate -1091 + 1102 + (-2 - 0) + -5.
4
-9 + -22 + -13 + (11 - 5) + 1
-37
(4 - 3) + (4 - (-18 + 3 + 9))
11
Evaluate (8 - 1) + 18 + -23 - (-13 - 0).
15
Calculate 18 + 1 + -1 + 31 + -20.
29
Calculate (-2 - -15) + -16 + 9.
6
Calculate -12 - (14 - 18 - 3).
-5
What is 5 - (10 + -8 + 0 - (1 + -12))?
-8
17 + 14 + -8 + -6 - (-1 + 11)
7
What is the value of -7 + 15 - (1 - -2) - 7 - -9?
7
What is 1 - 2 - (525 - 509)?
-17
What is the value of 6 + 0 + (13 - 7)?
12
Calculate 3 + 3 + 11 - (-5 + 13 + -4).
13
Evaluate -79 + 69 + 9 + (6 - 2).
3
Evaluate 27 + (2 + (-12 - -5) - (5 - 8)).
25
Calculate 0 + (-13 - (-1 - -2)) + 39.
25
Evaluate (-1 - (1 - 6)) + -1 + (6 - 13).
-4
Calculate -103 - -90 - (-17 - 4).
8
Calculate -24 + 3 + (34 - 30) - -41.
24
What is (4 - 4 - 6 - -11 - 0) + -5?
0
What is the value of 1 - (-14 - (5 - (-1 - 0) - 11))?
10
-2 - (2 + -10 + 6 + 6 - 21)
15
What is the value of 1 + (8 - (-1 + 4)) - (-15 - -9)?
12
What is -7 - (3 - (0 - -2 - -5))?
-3
What is -1 - (-5 + 1) - (-1028 - -1026)?
5
Calculate (-21 - -40 - 16) + 5.
8
What is (-15 - -13) + -13 + 13?
-2
What is the value of -1 + (1 - 8) + (-2 + 11 - 1)?
0
What is the value of 12 - (9 + -7) - (-1 - -16)?
-5
Evaluate -3 + -2 + (40 - 39) - -8.
4
What is the value of 4 + 5 + -1 + -8 + 2?
2
What is the value of -21 - (4 - 9) - (-23 + -16)?
23
8 + -25 - (9 - 38)
12
What is -10 - 10 - -10 - -26?
16
What is -2 + 7 + (-19 + 10 - -5) + 10?
11
Calculate 14 - 18 - (5 + 4) - 10.
-23
What is the value of (-5 - (2 - 13)) + 3 + 0?
9
What is 140 + -135 + -10 + -2?
-7
Calculate -14 + (3 - (-21 + 16 - -1)).
-7
What is the value of -10 - (68 - 82 - (-6 - 1))?
-3
Calculate -11 + 26 + 8 + -15.
8
What is -7 + -4 + 8 + (-14 - -14) + -1?
-4
Evaluate 19 + -1 + (-44 - -11) + 21.
6
Evaluate -10 + 1 - (-10 - 1 - (45 - 43)).
4
Evaluate (-1 - -1) + 3 + 8 + -16.
-5
What is the value of -6 + (10 - (-6 - (2 - 5) - 19))?
26
Evaluate 174 + -216 - (-1 + -3).
-38
Calculate (8 + 6 - (1 + -2)) + -8.
7
Calculate (1 - -9 - 1) + 0 + 17 + -34.
-8
2 + (-24 - -12 - -34) - 4
20
Calculate -1 - 10 - 1 - -10 - (27 + -2).
-27
What is the value of -3 + (-1 - -6) + -8 - -12?
6
Evaluate 8 + (0 - 0) - ((23 - 4) + -25).
14
What is the value of -14 + 15 + 9 - 10?
0
What is 6 - (-9 + 8) - 13 - (4 + -1)?
-9
What is the value of -94 - -88 - (-7 - -1)?
0
-2 + (1 - 4) + (-3 - (3 - 4))
-7
Evaluate -1 - -1 - 11 - -6.
-5
12 - (22 - (8 + -7) - -9 - -3)
-21
What is 12 - (7 - (3 + -7 + 3))?
4
What is the value of (-6 - 1) + -6 + (4 - 0)?
-9
Calculate 15 - (-2 - (-9 + -2 + 11)).
17
What is the value of 2 - (-1 - (-1 - (-3 - -5)))?
0
What is 9 + ((2 - -4) + -7 - (3 - 4))?
9
What is the value of 4 - (-15 - (-17 - -36 - 36))?
2
What is 90 - 71 - (1 + 0 + -7)?
25
What is 3 + (-10 - (-16 + -16 + 24))?
1
Evaluate 0 + -1 + -4 + (-4 - -28).
19
Calculate -7 - (-3 + (4 - (-8 - -8))).
-8
What is 6 + -1 - (131 + -109 + -14 + -2)?
-1
What is -6 - (-2 + (3 - 7 - -7 - 0))?
-7
Calculate -2 + -10 + 6 - (-14 - -9).
-1
What is -16 + 8 + 16 + -23?
-15
What is (3 - 1) + 0 - (-798 + 784)?
16
Evaluate (12 + -23 - -7) + -7.
-11
What is the value of (24 - (28 - 14)) + 0 + 1?
11
What is the value of 26 + -27 + 15 - ((1 - -3) + -6)?
16
What is the value of (20 - (17 + -3)) + 1 + 1?
8
Calculate (3 - 4) + 5 + (-8 - (-20 - -18)).
-2
What is the value of -10 + 35 - (2 - -5)?
18
Evaluate 21 + -92 + 13 + 23.
-35
-20 + (27 + -14 - 12)
-19
-13 - ((-2 - -4) + (-60 - -21))
24
What is -7 + 0 + 4 - 1 - (-18 + -7)?
21
What is the value of 1 - 1 - -9 - ((20 - -17) + -35)?
7
What is the value of (-3 - -4) + 7 + (19 - (2 - -13))?
12
(148 - 173) + (2 - (0 - 2))
-21
(543 - 538) + (-1 - -23)
27
Calculate (1 - -10) + (-17 - -25 - (20 + -2)).
1
1 - (-7 + -13 + 6 - 1)
16
What is the value of 27 - (15 + -16 + 1 - (-2 - 7))?
18
What is 1 - ((1 - 2) + 6) - 3?
-7
What is the value of -20 - (-18 + 20 + -18)?
-4
Evaluate ((24 - 21) + -1 - (-1 - 1)) + -4.
0
What is (-8 - (-25 - -22)) + 9?
4
What is (3 - -1) + 23 - (59 - 45)?
13
What is -10 + -7 + 12 - -5?
0
What is (-7 - 0) + 4 + (14 - 37) + 12?
-14
Calculate (12 - (16 + (-9 - -5) - 5)) + 0.
5
Ca